04
In base 3, what is 11 + -12000?
-11212
In base 5, what is -12111 - 41?
-12202
In base 8, what is -27 - 13?
-42
In base 6, what is 2 - -43?
45
In base 13, what is 18ac + -1?
18ab
In base 9, what is 3 + -1810?
-1806
In base 2, what is 101011 - 10?
101001
In base 11, what is 32a - -3?
332
In base 10, what is 4 - 96?
-92
In base 3, what is 202112 + 121?
210010
In base 7, what is 33 + 20?
53
In base 12, what is 28 + a?
36
In base 5, what is 43443 - 3?
43440
In base 6, what is 30 + -44?
-14
In base 4, what is -1131333 - -10?
-1131323
In base 6, what is 30 + 122?
152
In base 4, what is -3 - -12101?
12032
In base 11, what is 4 - 598?
-594
In base 14, what is -8dd + 5?
-8d8
In base 7, what is -1115 - 5?
-1123
In base 4, what is -121031 - 10?
-121101
In base 13, what is 2 + 12?
14
In base 6, what is 31041 + 0?
31041
In base 10, what is -194 - -1?
-193
In base 14, what is 780 - 5?
779
In base 3, what is 2102 - -1101?
10210
In base 3, what is 102100 + -2110?
22220
In base 2, what is 1110 - 0?
1110
In base 9, what is 4 - 125?
-121
In base 5, what is 0 - -234?
234
In base 12, what is -aa + -4?
-b2
In base 9, what is 5 + 1800?
1805
In base 6, what is 130 - 23?
103
In base 14, what is b + -56?
-49
In base 6, what is -5 - -32?
23
In base 3, what is 10 - -2100?
2110
In base 11, what is 9 - 8a?
-81
In base 9, what is 252 + 5?
257
In base 7, what is 53 - -131?
214
In base 6, what is -4 - -54?
50
In base 9, what is 2 + -3?
-1
In base 11, what is 313 + -4?
30a
In base 15, what is 1 - -3a?
3b
In base 16, what is -22 - 17?
-39
In base 8, what is 4571 - -12?
4603
In base 11, what is 39 - 212?
-184
In base 8, what is 13 - -13?
26
In base 3, what is 1022221 + 11?
1100002
In base 2, what is 1001001011 + -10111?
1000110100
In base 6, what is -2 + -1323?
-1325
In base 9, what is 0 - -1136?
1136
In base 12, what is -236 - -4?
-232
In base 4, what is 131 - -123?
320
In base 12, what is b - -30?
3b
In base 10, what is 1 - -30?
31
In base 16, what is 4 + -288?
-284
In base 5, what is 4 + -30?
-21
In base 16, what is -255 + 4?
-251
In base 4, what is -12 + -103221?
-103233
In base 8, what is -153 - 1?
-154
In base 4, what is 2 - -112?
120
In base 5, what is -1 + 112?
111
In base 8, what is 3 - 2106?
-2103
In base 7, what is -302 - -5?
-264
In base 3, what is 12 - 10112?
-10100
In base 15, what is -4 - a?
-e
In base 8, what is -602 - 3?
-605
In base 7, what is -5 + 151?
143
In base 11, what is -a02 - 5?
-a07
In base 4, what is 133022 - 1?
133021
In base 5, what is 3 + -1441?
-1433
In base 2, what is 10100000 + 100?
10100100
In base 13, what is -4 - -335b?
3357
In base 6, what is -222 + -20?
-242
In base 15, what is 4 + -5e?
-5a
In base 8, what is 527 - 0?
527
In base 8, what is -16 + -140?
-156
In base 10, what is 3 - 10?
-7
In base 8, what is -42 - 1?
-43
In base 4, what is -2213 + -2322?
-11201
In base 11, what is -1 + 9?
8
In base 2, what is 1100001 - -101?
1100110
In base 2, what is 1000101 + 110?
1001011
In base 12, what is 13292 + -1?
13291
In base 9, what is -4 + -1403?
-1407
In base 8, what is -3 - -262?
257
In base 3, what is -1110121 - -101?
-1110020
In base 12, what is 3 - 29?
-26
In base 4, what is 11 - -11000?
11011
In base 6, what is -1 + -5131?
-5132
In base 10, what is 3 + -2?
1
In base 10, what is 6 - -276?
282
In base 2, what is -1 + -100100100011?
-100100100100
In base 9, what is -2 - -541?
538
In base 8, what is 16515 + -2?
16513
In base 12, what is 7 + -222?
-217
In base 12, what is -380 - 6?
-386
In base 7, what is -2 + 216?
214
In base 13, what is 1 + 164?
165
In base 4, what is -11 + 222101?
222030
In base 3, what is 11111020 - 12?
11111001
In base 10, what is 165 + 20?
185
In base 3, what is -12212 - 12?
-20001
In base 9, what is 6 + 268?
275
In base 6, what is -322 + 4?
-314
In base 12, what is 0 + -a6?
-a6
In base 4, what is -1131 - -1?
-1130
In base 10, what is -62 - -34?
-28
In base 8, what is -2 + 153?
151
In base 5, what is 131 - -4?
140
In base 5, what is 1224 - -142?
1421
In base 9, what is 15 - -14?
30
In base 16, what is -5d + -4?
-61
In base 9, what is 80 - 2?
77
In base 3, what is 21121220 + -1?
21121212
In base 16, what is -90 - 2?
-92
In base 13, what is 3 + 4b?
51
In base 15, what is -2 - -18e1?
18de
In base 4, what is -1022 - 10?
-1032
In base 6, what is 55 + 2?
101
In base 11, what is 89a - -4?
8a3
In base 7, what is 5 + 11?
16
In base 11, what is -2 - -320?
319
In base 16, what is 82 + -c?
76
In base 8, what is -26 - -132?
104
In base 16, what is 7 + -452?
-44b
In base 3, what is -20 - 1001?
-1021
In base 5, what is 10 + 121?
131
In base 8, what is 2 + 557?
561
In base 9, what is -62 + 14?
-47
In base 3, what is -2 + -10212?
-10221
In base 10, what is 3 + -630?
-627
In base 2, what is -10101111 - -10?
-10101101
In base 7, what is 30 - 53?
-23
In base 6, what is 135 - 2?
133
In base 13, what is 2 - -1c?
21
In base 5, what is 100 - 1113?
-1013
In base 5, what is 11 - 14113?
-14102
In base 4, what is 10 + 3202?
3212
In base 8, what is -1 - 270?
-271
In base 7, what is -431 - -1?
-430
In base 10, what is 203 - -5?
208
In base 9, what is 5 + -4?
1
In base 7, what is -2036 - 14?
-2053
In base 2, what is -100 + -10010110?
-10011010
In base 12, what is -83 + b4?
31
In base 11, what is 5 - 76?
-71
In base 16, what is 7d - 0?
7d
In base 13, what is -8ba - -4?
-8b6
In base 2, what is 10001010 - 100?
10000110
In base 3, what is 1101 + -11?
1020
In base 12, what is 23 - 0?
23
In base 6, what is 2 - 1140?
-1134
In base 12, what is 4ab7 + 0?
4ab7
In base 5, what is -32 - -3023?
2441
In base 5, what is -2 + 24?
22
In base 3, what is 12 - -2020?
2102
In base 13, what is 5a1 + 0?
5a1
In base 13, what is 8c - -5?
94
In base 8, what is -4 + -14615?
-14621
In base 15, what is -9 + -4?
-d
In base 9, what is 1 + -12?
-11
In base 3, what is 22221 + 1001?
100222
In base 11, what is -2 - 113?
-115
In base 14, what is -4 - c?
-12
In base 7, what is 23311 - -3?
23314
In base 11, what is 2663 + 3?
2666
In base 16, what is -691 + 2?
-68f
In base 11, what is -a2a - 3?
-a32
In base 7, what is 162 - 134?
25
In base 4, what is 223 + -2?
221
In base 13, what is 3 + 1c?
22
In base 12, what is 6 - -2a?
34
In base 12, what is 27 - 7?
20
In base 14, what is -10 - -2?
-c
In base 10, what is -1522 + 1?
-1521
In base 12, what is -2a - 5?
-33
In base 16, what is -10b - 4?
-10f
In base 14, what is -18d - 7?
-196
In base 8, what is -2 + -3661?
-3663
In base 7, what is -11 - 15?
-26
In base 14, what is -ad9 + 5?
-ad4
In base 6, what is -11 - 24?
-35
In base 12, what is 1 + -4a?
-49
In base 7, what is -341 + -156?
-530
In base 7, what is -1246 - -1?
-1245
In base 14, what is 4 + 1d?
23
In base 13, what is 4 + -351?
-34a
In base 10, what is -12 + -253?
-265
In base 11, what is -7 - -a5?
99
In base 5, what is 44 - -103?
202
In base 7, what is -352 + 5?
-344
In base 14, what is 72 + 5?
77
In base 14, what is 405 - 5?
400
In base 10, what is 0 + -2753?
-2753
In base 6, what is -2 + 1233?
1231
In base 11, what is -107 + 153?
47
In base 16, what is 4 + 1e2?
1e6
In base 6, what is 354 - 12?
342
In base 7, what is -5 - 6034?
-6042
In base 12, what is -18 - -a?
-a
In base 5, what is 121042 - 1?
121041
In base 11, what is 3a6 - 3?
3a3
In base 4, what is 11 + 10200?
10211
In base 15, what is 2d0 - 2a?
2a5
In base 11, what is 3 - -1?
4
In base 6, what is -1132 + 24?
-1104
In base 3, what is 111111110 - 0?
111111110
In base 9, what is 713 - -34?
747
In base 3, what is -10100220 - 1?
-10100221
In base 2, what is 11010 + -100100?
-1010
In base 8, what is 610 - -5?
615
In base 5, what is 134 - -41?
230
In base 4, what is -2101 + 2?
-2033
In base 16, what is 11 + -9?
8
In base 7, what is 43 + -331?
-255
In base 8, what is -5 + -132?
-137
In base 6, what is 225 - 0?
225
In base 16, what is -1e0f - 5?
-1e14
In base 7, what is -41 + 2111?
2040
In base 11, what is -3 + 1927?
1924
In base 13, what is 47 + 4?
4b
In base 6, what is -53 + -1333?
-1430
In base 12, what is -2 + 287a?
2878
In base 12, what is -4 - -3a0?
398
In base 13, what is -21 - -72?
51
In base 16, what is 2 + d4?
d6
In base 16, what is -35 - a?
-3f
In base 13, what is 2b0a - -4?
2b11
In base 12, what is 2a3 - 0?
2a3
In base 10, what is 894 + 4?
898
In base 14, what is -2 - 352?
-354
In base 3, what is -20 - -1011011?
1010221
In ba